{"id":140,"date":"2022-12-16T16:56:25","date_gmt":"2022-12-16T19:56:25","guid":{"rendered":"http:\/\/joelingtonrios.com.br\/?page_id=140"},"modified":"2023-05-23T12:55:31","modified_gmt":"2023-05-23T15:55:31","slug":"clipping","status":"publish","type":"page","link":"https:\/\/joelingtonrios.com.br\/?page_id=140","title":{"rendered":"Clipping"},"content":{"rendered":"\t\t<div data-elementor-type=\"wp-page\" data-elementor-id=\"140\" class=\"elementor elementor-140\">\n\t\t\t\t\t\t<section class=\"elementor-section elementor-top-section elementor-element elementor-element-3966a8d elementor-section-full_width elementor-section-height-default elementor-section-height-default\" data-id=\"3966a8d\" data-element_type=\"section\" data-e-type=\"section\">\n\t\t\t\t\t\t<div class=\"elementor-container elementor-column-gap-default\">\n\t\t\t\t\t<div class=\"elementor-column elementor-col-33 elementor-top-column elementor-element elementor-element-cb57b66\" data-id=\"cb57b66\" data-element_type=\"column\" data-e-type=\"column\">\n\t\t\t<div class=\"elementor-widget-wrap elementor-element-populated\">\n\t\t\t\t\t\t<div class=\"elementor-element elementor-element-6d16276 elementor-nav-menu--dropdown-tablet elementor-nav-menu__text-align-aside elementor-nav-menu--toggle elementor-nav-menu--burger elementor-widget elementor-widget-nav-menu\" data-id=\"6d16276\" data-element_type=\"widget\" data-e-type=\"widget\" data-settings=\"{&quot;layout&quot;:&quot;vertical&quot;,&quot;submenu_icon&quot;:{&quot;value&quot;:&quot;&lt;i class=\\&quot;fas fa-caret-right\\&quot;&gt;&lt;\\\/i&gt;&quot;,&quot;library&quot;:&quot;fa-solid&quot;},&quot;toggle&quot;:&quot;burger&quot;}\" data-widget_type=\"nav-menu.default\">\n\t\t\t\t<div class=\"elementor-widget-container\">\n\t\t\t\t\t\t\t\t<nav migration_allowed=\"1\" migrated=\"0\" role=\"navigation\" class=\"elementor-nav-menu--main elementor-nav-menu__container elementor-nav-menu--layout-vertical e--pointer-none\">\n\t\t\t\t<ul id=\"menu-1-6d16276\" class=\"elementor-nav-menu sm-vertical\"><li class=\"menu-item menu-item-type-post_type menu-item-object-page menu-item-has-children menu-item-40\"><a href=\"https:\/\/joelingtonrios.com.br\/?page_id=30\" class=\"elementor-item\">PORTF\u00d3LIO<\/a>\n<ul class=\"sub-menu elementor-nav-menu--dropdown\">\n\t<li class=\"menu-item menu-item-type-post_type menu-item-object-page menu-item-184\"><a href=\"https:\/\/joelingtonrios.com.br\/?page_id=70\" class=\"elementor-sub-item\">Entre rios e mocambos<\/a><\/li>\n\t<li class=\"menu-item menu-item-type-post_type menu-item-object-page menu-item-183\"><a href=\"https:\/\/joelingtonrios.com.br\/?page_id=72\" class=\"elementor-sub-item\">O que sustenta o rio<\/a><\/li>\n\t<li class=\"menu-item menu-item-type-post_type menu-item-object-page menu-item-265\"><a href=\"https:\/\/joelingtonrios.com.br\/?page_id=233\" class=\"elementor-sub-item\">Um jardim para minhas av\u00f3s<\/a><\/li>\n<\/ul>\n<\/li>\n<li class=\"menu-item menu-item-type-post_type menu-item-object-page menu-item-has-children menu-item-409\"><a href=\"https:\/\/joelingtonrios.com.br\/?page_id=281\" class=\"elementor-item\">TEXTOS E PUBLICA\u00c7\u00d5ES<\/a>\n<ul class=\"sub-menu elementor-nav-menu--dropdown\">\n\t<li class=\"menu-item menu-item-type-post_type menu-item-object-page menu-item-408\"><a href=\"https:\/\/joelingtonrios.com.br\/?page_id=353\" class=\"elementor-sub-item\">Biografia<\/a><\/li>\n\t<li class=\"menu-item menu-item-type-post_type menu-item-object-page menu-item-411\"><a href=\"https:\/\/joelingtonrios.com.br\/?page_id=272\" class=\"elementor-sub-item\">Publica\u00e7\u00f5es<\/a><\/li>\n\t<li class=\"menu-item menu-item-type-post_type menu-item-object-page menu-item-412\"><a href=\"https:\/\/joelingtonrios.com.br\/?page_id=270\" class=\"elementor-sub-item\">Textos selecionados<\/a><\/li>\n<\/ul>\n<\/li>\n<li class=\"menu-item menu-item-type-post_type menu-item-object-page menu-item-410\"><a href=\"https:\/\/joelingtonrios.com.br\/?page_id=277\" class=\"elementor-item\">MUSEUS E COLE\u00c7\u00d5ES<\/a><\/li>\n<li class=\"menu-item menu-item-type-post_type menu-item-object-page menu-item-549\"><a href=\"https:\/\/joelingtonrios.com.br\/?page_id=511\" class=\"elementor-item\">CONTRIBUIDORES<\/a><\/li>\n<li class=\"menu-item menu-item-type-post_type menu-item-object-page menu-item-145\"><a href=\"https:\/\/joelingtonrios.com.br\/?page_id=140\" class=\"elementor-item\">CLIPPING<\/a><\/li>\n<li class=\"menu-item menu-item-type-post_type menu-item-object-page menu-item-264\"><a href=\"https:\/\/joelingtonrios.com.br\/?page_id=191\" class=\"elementor-item\">V\u00cdDEOS<\/a><\/li>\n<li class=\"menu-item menu-item-type-post_type menu-item-object-page menu-item-38\"><a href=\"https:\/\/joelingtonrios.com.br\/?page_id=36\" class=\"elementor-item\">CONTATO<\/a><\/li>\n<\/ul>\t\t\t<\/nav>\n\t\t\t\t\t<div class=\"elementor-menu-toggle\" role=\"button\" tabindex=\"0\" aria-label=\"Menu Toggle\" aria-expanded=\"false\">\n\t\t\t<i aria-hidden=\"true\" role=\"presentation\" class=\"elementor-menu-toggle__icon--open eicon-menu-bar\"><\/i><i aria-hidden=\"true\" role=\"presentation\" class=\"elementor-menu-toggle__icon--close eicon-close\"><\/i>\t\t\t<span class=\"elementor-screen-only\">Menu<\/span>\n\t\t<\/div>\n\t\t\t<nav class=\"elementor-nav-menu--dropdown elementor-nav-menu__container\" role=\"navigation\" aria-hidden=\"true\">\n\t\t\t\t<ul id=\"menu-2-6d16276\" class=\"elementor-nav-menu sm-vertical\"><li class=\"menu-item menu-item-type-post_type menu-item-object-page menu-item-has-children menu-item-40\"><a href=\"https:\/\/joelingtonrios.com.br\/?page_id=30\" class=\"elementor-item\" tabindex=\"-1\">PORTF\u00d3LIO<\/a>\n<ul class=\"sub-menu elementor-nav-menu--dropdown\">\n\t<li class=\"menu-item menu-item-type-post_type menu-item-object-page menu-item-184\"><a href=\"https:\/\/joelingtonrios.com.br\/?page_id=70\" class=\"elementor-sub-item\" tabindex=\"-1\">Entre rios e mocambos<\/a><\/li>\n\t<li class=\"menu-item menu-item-type-post_type menu-item-object-page menu-item-183\"><a href=\"https:\/\/joelingtonrios.com.br\/?page_id=72\" class=\"elementor-sub-item\" tabindex=\"-1\">O que sustenta o rio<\/a><\/li>\n\t<li class=\"menu-item menu-item-type-post_type menu-item-object-page menu-item-265\"><a href=\"https:\/\/joelingtonrios.com.br\/?page_id=233\" class=\"elementor-sub-item\" tabindex=\"-1\">Um jardim para minhas av\u00f3s<\/a><\/li>\n<\/ul>\n<\/li>\n<li class=\"menu-item menu-item-type-post_type menu-item-object-page menu-item-has-children menu-item-409\"><a href=\"https:\/\/joelingtonrios.com.br\/?page_id=281\" class=\"elementor-item\" tabindex=\"-1\">TEXTOS E PUBLICA\u00c7\u00d5ES<\/a>\n<ul class=\"sub-menu elementor-nav-menu--dropdown\">\n\t<li class=\"menu-item menu-item-type-post_type menu-item-object-page menu-item-408\"><a href=\"https:\/\/joelingtonrios.com.br\/?page_id=353\" class=\"elementor-sub-item\" tabindex=\"-1\">Biografia<\/a><\/li>\n\t<li class=\"menu-item menu-item-type-post_type menu-item-object-page menu-item-411\"><a href=\"https:\/\/joelingtonrios.com.br\/?page_id=272\" class=\"elementor-sub-item\" tabindex=\"-1\">Publica\u00e7\u00f5es<\/a><\/li>\n\t<li class=\"menu-item menu-item-type-post_type menu-item-object-page menu-item-412\"><a href=\"https:\/\/joelingtonrios.com.br\/?page_id=270\" class=\"elementor-sub-item\" tabindex=\"-1\">Textos selecionados<\/a><\/li>\n<\/ul>\n<\/li>\n<li class=\"menu-item menu-item-type-post_type menu-item-object-page menu-item-410\"><a href=\"https:\/\/joelingtonrios.com.br\/?page_id=277\" class=\"elementor-item\" tabindex=\"-1\">MUSEUS E COLE\u00c7\u00d5ES<\/a><\/li>\n<li class=\"menu-item menu-item-type-post_type menu-item-object-page menu-item-549\"><a href=\"https:\/\/joelingtonrios.com.br\/?page_id=511\" class=\"elementor-item\" tabindex=\"-1\">CONTRIBUIDORES<\/a><\/li>\n<li class=\"menu-item menu-item-type-post_type menu-item-object-page menu-item-145\"><a href=\"https:\/\/joelingtonrios.com.br\/?page_id=140\" class=\"elementor-item\" tabindex=\"-1\">CLIPPING<\/a><\/li>\n<li class=\"menu-item menu-item-type-post_type menu-item-object-page menu-item-264\"><a href=\"https:\/\/joelingtonrios.com.br\/?page_id=191\" class=\"elementor-item\" tabindex=\"-1\">V\u00cdDEOS<\/a><\/li>\n<li class=\"menu-item menu-item-type-post_type menu-item-object-page menu-item-38\"><a href=\"https:\/\/joelingtonrios.com.br\/?page_id=36\" class=\"elementor-item\" tabindex=\"-1\">CONTATO<\/a><\/li>\n<\/ul>\t\t\t<\/nav>\n\t\t\t\t\t\t<\/div>\n\t\t\t\t<\/div>\n\t\t\t\t\t<\/div>\n\t\t<\/div>\n\t\t\t\t<div class=\"elementor-column elementor-col-33 elementor-top-column elementor-element elementor-element-2314c81\" data-id=\"2314c81\" data-element_type=\"column\" data-e-type=\"column\">\n\t\t\t<div class=\"elementor-widget-wrap\">\n\t\t\t\t\t\t\t<\/div>\n\t\t<\/div>\n\t\t\t\t<div class=\"elementor-column elementor-col-33 elementor-top-column elementor-element elementor-element-98266b6\" data-id=\"98266b6\" data-element_type=\"column\" data-e-type=\"column\">\n\t\t\t<div class=\"elementor-widget-wrap elementor-element-populated\">\n\t\t\t\t\t\t<section class=\"elementor-section elementor-inner-section elementor-element elementor-element-92d6125 elementor-section-full_width elementor-section-height-default elementor-section-height-default\" data-id=\"92d6125\" data-element_type=\"section\" data-e-type=\"section\">\n\t\t\t\t\t\t<div class=\"elementor-container elementor-column-gap-default\">\n\t\t\t\t\t<div class=\"elementor-column elementor-col-100 elementor-inner-column elementor-element elementor-element-6cef69d\" data-id=\"6cef69d\" data-element_type=\"column\" data-e-type=\"column\">\n\t\t\t<div class=\"elementor-widget-wrap elementor-element-populated\">\n\t\t\t\t\t\t<div class=\"elementor-element elementor-element-4b74ac2 elementor-widget elementor-widget-heading\" data-id=\"4b74ac2\" data-element_type=\"widget\" data-e-type=\"widget\" data-widget_type=\"heading.default\">\n\t\t\t\t<div class=\"elementor-widget-container\">\n\t\t\t\t\t<h2 class=\"elementor-heading-title elementor-size-default\">CLIPPING<\/h2>\t\t\t\t<\/div>\n\t\t\t\t<\/div>\n\t\t\t\t<div class=\"elementor-element elementor-element-57755eb elementor-widget elementor-widget-text-editor\" data-id=\"57755eb\" data-element_type=\"widget\" data-e-type=\"widget\" data-widget_type=\"text-editor.default\">\n\t\t\t\t<div class=\"elementor-widget-container\">\n\t\t\t\t\t\t\t\t\t<p><strong><span style=\"text-decoration: underline;\"><a href=\"http:\/\/tiny.cc\/zv9ruz\" target=\"_blank\" rel=\"noopener\">R\u00e1dio Nacional<\/a><\/span>\u00a0\u00a0<br \/><\/strong><a href=\"http:\/\/tiny.cc\/zv9ruz\" target=\"_blank\" rel=\"noopener\">\u201cJoelington Rios, o &#8220;quilombola artista&#8221;, retrata sua experi\u00eancia e\u00a0percep\u00e7\u00e3o sobre a suposta cidade maravilhosa\u201d<\/a><br \/><a href=\"http:\/\/tiny.cc\/zv9ruz\" target=\"_blank\" rel=\"noopener\">\u201cJoelington Rios, the &#8220;quilombola artist&#8221;, portrays his experience and\u00a0perception of the supposed marvelous city\u201d<\/a><\/p><p><span style=\"text-decoration: underline;\"><strong><a href=\"http:\/\/tiny.cc\/9x9ruz\" target=\"_blank\" rel=\"noopener\">Jornal o Globo \/ Caderno ELA<\/a><\/strong><\/span><br \/><a href=\"http:\/\/tiny.cc\/9x9ruz\" target=\"_blank\" rel=\"noopener\">\u201cArtista maranhense descortina a realidade carioca em fotos.\u00a0Joelington Rios nasceu no Quilombo Jamary dos Pretos e se mudou para o\u00a0Rio em 2017, onde vem ganhando proje\u00e7\u00e3o na cena art\u00edstica.\u201d<\/a><br \/><a href=\"http:\/\/tiny.cc\/9x9ruz\" target=\"_blank\" rel=\"noopener\">\u201cArtist from Maranh\u00e3o reveals the reality of Rio in photos.\u00a0Joelington Rios was born in Quilombo Jamary dos Pretos and moved to Rio\u00a0in 2017, where he has been gaining prominence in the art scene.\u201d<\/a><\/p><p><strong><span style=\"text-decoration: underline;\"><a href=\"https:\/\/shre.ink\/n9P\" target=\"_blank\" rel=\"noopener\">Amazonia Real<\/a><\/span>\u00a0<\/strong><br \/><a href=\"https:\/\/shre.ink\/n9P\" target=\"_blank\" rel=\"noopener\">\u201cPara sua representa\u00e7\u00e3o em Arles, Marcela reuniu as viv\u00eancias de\u00a0ind\u00edgenas e de afro-brasileiros com a chaga do racismo, respectivamente\u00a0no Pseudo Ind\u00edgenas de Ana e na s\u00e9rie O Que Sustenta o Rio, assinada\u00a0pelo fot\u00f3grafo Joelington Rios (mais conhecido como Rivers), nascido no\u00a0quilombo de Jamarydos Pretos, em Turia\u00e7u, no Maranh\u00e3o, e hoje\u00a0estabelecido no Rio de Janeiro\u201d<\/a><br \/><a href=\"https:\/\/shre.ink\/n9P\" target=\"_blank\" rel=\"noopener\">\u201cFor her representation in Arles, Marcela brought together the\u00a0experiences of indigenous and Afro-Brazilians with the plague of racism,\u00a0respectively in the Pseudo Ind\u00edgenas de Ana and in the series O Que\u00a0Sustenta o Rio, signed by photographer Joelington Rios (better known as\u00a0Rivers) , born in the quilombo of Jamarydos Pretos, in Turia\u00e7u, in\u00a0Maranh\u00e3o, and today established in Rio de Janeiro\u201d<\/a><\/p><p><span style=\"text-decoration: underline;\"><a href=\"https:\/\/shre.ink\/nRS\" target=\"_blank\" rel=\"noopener\"><strong>Ita\u00fa Cultural<\/strong><\/a><\/span><br \/><a href=\"https:\/\/shre.ink\/nRS\" target=\"_blank\" rel=\"noopener\">\u201cNo Dia Nacional da Consci\u00eancia Negra, representantes da nova gera\u00e7\u00e3o\u00a0de fot\u00f3grafos negros e brasileiros falam da imagem como um lugar de\u00a0retorno, aprendizado, ressignifica\u00e7\u00e3o e descoberta de identidade.\u201d<\/a><br \/><a href=\"https:\/\/shre.ink\/nRS\" target=\"_blank\" rel=\"noopener\">\u201cOn the National Day of Black Consciousness, representatives of the new\u00a0generation of black and Brazilian photographers talk about the image as a\u00a0place of return, learning, resignification and discovery of identity.\u201d<\/a><\/p><p><strong><span style=\"text-decoration: underline;\"><a href=\"https:\/\/shre.ink\/nRy\" target=\"_blank\" rel=\"noopener\">Not\u00edcia Preta<\/a><\/span>\u00a0<\/strong><br \/><a href=\"https:\/\/shre.ink\/nRy\" target=\"_blank\" rel=\"noopener\">\u201cO que sustenta o Rio \u2013 pelas lentes de Joelington Rios\u201d<\/a><br \/><a href=\"https:\/\/shre.ink\/nRy\" target=\"_blank\" rel=\"noopener\">\u201cWhat sustains Rio \u2013 through the lens of Joelington Rios\u201d<\/a><\/p><p><strong><span style=\"text-decoration: underline;\"><a href=\"https:\/\/shre.ink\/nRh\" target=\"_blank\" rel=\"noopener\">Revista A palavra solta<\/a><\/span>\u00a0<\/strong><br \/><a href=\"https:\/\/shre.ink\/nRh\" target=\"_blank\" rel=\"noopener\">\u201cNa s\u00e9rie \u201cO que sustenta o Rio\u201d, ele constr\u00f3i um corpo-cidade a partir de\u00a0interven\u00e7\u00f5es no retrato daqueles que sustentam anonimamente essa\u00a0estrutura: conserva-se o rosto e opera a cabe\u00e7a.\u201d<\/a><br \/><a href=\"https:\/\/shre.ink\/nRh\">\u201cIn the series \u201cWhat sustains Rio\u201d, he builds a body-city from\u00a0interventions in the portrait of those who anonymously support this\u00a0structure: the face is preserved and the head is operated.\u201d<\/a><\/p><p><strong><span style=\"text-decoration: underline;\"><a href=\"https:\/\/shre.ink\/ngE\" target=\"_blank\" rel=\"noopener\">UOU<\/a><\/span>\u00a0<\/strong><br \/><a href=\"https:\/\/shre.ink\/ngE\" target=\"_blank\" rel=\"noopener\">\u201cEntre Rios e Mocambos&#8217; \u00e9 uma s\u00e9rie desenvolvida por Joelington Rios no\u00a0quilombo em que nasceu, no Maranh\u00e3o\u201c<\/a><br \/><a href=\"https:\/\/shre.ink\/ngE\" target=\"_blank\" rel=\"noopener\">\u201cBetween Rios and Mocambos&#8217; is a series developed by Joelington Rios in\u00a0the quilombo where he was born, in Maranh\u00e3o\u201c<\/a><\/p><p><strong><span style=\"text-decoration: underline;\"><a href=\"https:\/\/shre.ink\/nRW\" target=\"_blank\" rel=\"noopener\">Guia das Artes<\/a><\/span>\u00a0<\/strong><br \/><a href=\"https:\/\/shre.ink\/nRW\" target=\"_blank\" rel=\"noopener\">\u201cVEJA A LISTA COMPLETA DOS 66 ARTISTAS INDICADOS AO PIPA 2022\u201d<\/a><br \/><a href=\"https:\/\/shre.ink\/nRW\" target=\"_blank\" rel=\"noopener\">\u201cSEE THE COMPLETE LIST OF THE 66 ARTISTS NOMINATED FOR PIPA 2022\u201d<\/a><\/p><p><strong><a href=\"https:\/\/shre.ink\/noE\" target=\"_blank\" rel=\"noopener\"><span style=\"text-decoration: underline;\">Folha de S\u00e3o Paulo<\/span><\/a>\u00a0\u00a0<\/strong><br \/><a href=\"https:\/\/shre.ink\/noE\" target=\"_blank\" rel=\"noopener\">\u201cLivro &#8216;Amaz\u00f4nia XXI&#8217; re\u00fane 15 artigos de estudiosos das diversas quest\u00f5es\u00a0do bioma amaz\u00f4nico\u201d<\/a><br \/><a href=\"https:\/\/shre.ink\/noE\" target=\"_blank\" rel=\"noopener\">\u201cThe book &#8216;Amaz\u00f4nia XXI&#8217; brings together 15 articles by scholars on the\u00a0various issues of the Amazon biome\u201d<\/a><\/p>\t\t\t\t\t\t\t\t<\/div>\n\t\t\t\t<\/div>\n\t\t\t\t\t<\/div>\n\t\t<\/div>\n\t\t\t\t\t<\/div>\n\t\t<\/section>\n\t\t\t\t\t<\/div>\n\t\t<\/div>\n\t\t\t\t\t<\/div>\n\t\t<\/section>\n\t\t\t\t<\/div>\n\t\t","protected":false},"excerpt":{"rendered":"<p>CLIPPING R\u00e1dio Nacional\u00a0\u00a0\u201cJoelington Rios, o &#8220;quilombola artista&#8221;, retrata sua experi\u00eancia e\u00a0percep\u00e7\u00e3o sobre a suposta cidade maravilhosa\u201d\u201cJoelington Rios, the &#8220;quilombola artist&#8221;, portrays his experience and\u00a0perception of the supposed marvelous city\u201d Jornal o Globo \/ Caderno ELA\u201cArtista maranhense descortina a realidade carioca em fotos.\u00a0Joelington Rios nasceu no Quilombo Jamary dos Pretos e se mudou para o\u00a0Rio em&hellip;&nbsp;<a href=\"https:\/\/joelingtonrios.com.br\/?page_id=140\" rel=\"bookmark\">Ler mais &raquo;<span class=\"screen-reader-text\">Clipping<\/span><\/a><\/p>\n","protected":false},"author":2,"featured_media":0,"parent":0,"menu_order":0,"comment_status":"closed","ping_status":"closed","template":"page-templates\/template-pagebuilder-full-width.php","meta":{"neve_meta_sidebar":"","neve_meta_container":"","neve_meta_enable_content_width":"","neve_meta_content_width":0,"neve_meta_title_alignment":"","neve_meta_author_avatar":"","neve_post_elements_order":"","neve_meta_disable_header":"","neve_meta_disable_footer":"","neve_meta_disable_title":"","footnotes":""},"class_list":["post-140","page","type-page","status-publish","hentry"],"_links":{"self":[{"href":"https:\/\/joelingtonrios.com.br\/index.php?rest_route=\/wp\/v2\/pages\/140","targetHints":{"allow":["GET"]}}],"collection":[{"href":"https:\/\/joelingtonrios.com.br\/index.php?rest_route=\/wp\/v2\/pages"}],"about":[{"href":"https:\/\/joelingtonrios.com.br\/index.php?rest_route=\/wp\/v2\/types\/page"}],"author":[{"embeddable":true,"href":"https:\/\/joelingtonrios.com.br\/index.php?rest_route=\/wp\/v2\/users\/2"}],"replies":[{"embeddable":true,"href":"https:\/\/joelingtonrios.com.br\/index.php?rest_route=%2Fwp%2Fv2%2Fcomments&post=140"}],"version-history":[{"count":26,"href":"https:\/\/joelingtonrios.com.br\/index.php?rest_route=\/wp\/v2\/pages\/140\/revisions"}],"predecessor-version":[{"id":479,"href":"https:\/\/joelingtonrios.com.br\/index.php?rest_route=\/wp\/v2\/pages\/140\/revisions\/479"}],"wp:attachment":[{"href":"https:\/\/joelingtonrios.com.br\/index.php?rest_route=%2Fwp%2Fv2%2Fmedia&parent=140"}],"curies":[{"name":"wp","href":"https:\/\/api.w.org\/{rel}","templated":true}]}}