{"id":272,"date":"2023-03-20T14:43:42","date_gmt":"2023-03-20T17:43:42","guid":{"rendered":"https:\/\/joelingtonrios.com.br\/?page_id=272"},"modified":"2023-05-26T16:12:22","modified_gmt":"2023-05-26T19:12:22","slug":"publicacoes","status":"publish","type":"page","link":"https:\/\/joelingtonrios.com.br\/?page_id=272","title":{"rendered":"Publica\u00e7\u00f5es"},"content":{"rendered":"\t\t<div data-elementor-type=\"wp-page\" data-elementor-id=\"272\" class=\"elementor elementor-272\">\n\t\t\t\t\t\t<section class=\"elementor-section elementor-top-section elementor-element elementor-element-71c4dd6 elementor-section-full_width elementor-section-height-default elementor-section-height-default\" data-id=\"71c4dd6\" data-element_type=\"section\" data-e-type=\"section\">\n\t\t\t\t\t\t<div class=\"elementor-container elementor-column-gap-default\">\n\t\t\t\t\t<div class=\"elementor-column elementor-col-33 elementor-top-column elementor-element elementor-element-f58ce8d\" data-id=\"f58ce8d\" data-element_type=\"column\" data-e-type=\"column\">\n\t\t\t<div class=\"elementor-widget-wrap elementor-element-populated\">\n\t\t\t\t\t\t<div class=\"elementor-element elementor-element-c96f756 elementor-nav-menu--dropdown-tablet elementor-nav-menu__text-align-aside elementor-nav-menu--toggle elementor-nav-menu--burger elementor-widget elementor-widget-nav-menu\" data-id=\"c96f756\" data-element_type=\"widget\" data-e-type=\"widget\" data-settings=\"{&quot;layout&quot;:&quot;vertical&quot;,&quot;submenu_icon&quot;:{&quot;value&quot;:&quot;&lt;i class=\\&quot;fas fa-caret-right\\&quot;&gt;&lt;\\\/i&gt;&quot;,&quot;library&quot;:&quot;fa-solid&quot;},&quot;toggle&quot;:&quot;burger&quot;}\" data-widget_type=\"nav-menu.default\">\n\t\t\t\t<div class=\"elementor-widget-container\">\n\t\t\t\t\t\t\t\t<nav migration_allowed=\"1\" migrated=\"0\" role=\"navigation\" class=\"elementor-nav-menu--main elementor-nav-menu__container elementor-nav-menu--layout-vertical e--pointer-none\">\n\t\t\t\t<ul id=\"menu-1-c96f756\" class=\"elementor-nav-menu sm-vertical\"><li class=\"menu-item menu-item-type-post_type menu-item-object-page menu-item-has-children menu-item-40\"><a href=\"https:\/\/joelingtonrios.com.br\/?page_id=30\" class=\"elementor-item\">PORTF\u00d3LIO<\/a>\n<ul class=\"sub-menu elementor-nav-menu--dropdown\">\n\t<li class=\"menu-item menu-item-type-post_type menu-item-object-page menu-item-184\"><a href=\"https:\/\/joelingtonrios.com.br\/?page_id=70\" class=\"elementor-sub-item\">Entre rios e mocambos<\/a><\/li>\n\t<li class=\"menu-item menu-item-type-post_type menu-item-object-page menu-item-183\"><a href=\"https:\/\/joelingtonrios.com.br\/?page_id=72\" class=\"elementor-sub-item\">O que sustenta o rio<\/a><\/li>\n\t<li class=\"menu-item menu-item-type-post_type menu-item-object-page menu-item-265\"><a href=\"https:\/\/joelingtonrios.com.br\/?page_id=233\" class=\"elementor-sub-item\">Um jardim para minhas av\u00f3s<\/a><\/li>\n<\/ul>\n<\/li>\n<li class=\"menu-item menu-item-type-post_type menu-item-object-page menu-item-has-children menu-item-409\"><a href=\"https:\/\/joelingtonrios.com.br\/?page_id=281\" class=\"elementor-item\">TEXTOS E PUBLICA\u00c7\u00d5ES<\/a>\n<ul class=\"sub-menu elementor-nav-menu--dropdown\">\n\t<li class=\"menu-item menu-item-type-post_type menu-item-object-page menu-item-408\"><a href=\"https:\/\/joelingtonrios.com.br\/?page_id=353\" class=\"elementor-sub-item\">Biografia<\/a><\/li>\n\t<li class=\"menu-item menu-item-type-post_type menu-item-object-page menu-item-411\"><a href=\"https:\/\/joelingtonrios.com.br\/?page_id=272\" class=\"elementor-sub-item\">Publica\u00e7\u00f5es<\/a><\/li>\n\t<li class=\"menu-item menu-item-type-post_type menu-item-object-page menu-item-412\"><a href=\"https:\/\/joelingtonrios.com.br\/?page_id=270\" class=\"elementor-sub-item\">Textos selecionados<\/a><\/li>\n<\/ul>\n<\/li>\n<li class=\"menu-item menu-item-type-post_type menu-item-object-page menu-item-410\"><a href=\"https:\/\/joelingtonrios.com.br\/?page_id=277\" class=\"elementor-item\">MUSEUS E COLE\u00c7\u00d5ES<\/a><\/li>\n<li class=\"menu-item menu-item-type-post_type menu-item-object-page menu-item-549\"><a href=\"https:\/\/joelingtonrios.com.br\/?page_id=511\" class=\"elementor-item\">CONTRIBUIDORES<\/a><\/li>\n<li class=\"menu-item menu-item-type-post_type menu-item-object-page menu-item-145\"><a href=\"https:\/\/joelingtonrios.com.br\/?page_id=140\" class=\"elementor-item\">CLIPPING<\/a><\/li>\n<li class=\"menu-item menu-item-type-post_type menu-item-object-page menu-item-264\"><a href=\"https:\/\/joelingtonrios.com.br\/?page_id=191\" class=\"elementor-item\">V\u00cdDEOS<\/a><\/li>\n<li class=\"menu-item menu-item-type-post_type menu-item-object-page menu-item-38\"><a href=\"https:\/\/joelingtonrios.com.br\/?page_id=36\" class=\"elementor-item\">CONTATO<\/a><\/li>\n<\/ul>\t\t\t<\/nav>\n\t\t\t\t\t<div class=\"elementor-menu-toggle\" role=\"button\" tabindex=\"0\" aria-label=\"Menu Toggle\" aria-expanded=\"false\">\n\t\t\t<i aria-hidden=\"true\" role=\"presentation\" class=\"elementor-menu-toggle__icon--open eicon-menu-bar\"><\/i><i aria-hidden=\"true\" role=\"presentation\" class=\"elementor-menu-toggle__icon--close eicon-close\"><\/i>\t\t\t<span class=\"elementor-screen-only\">Menu<\/span>\n\t\t<\/div>\n\t\t\t<nav class=\"elementor-nav-menu--dropdown elementor-nav-menu__container\" role=\"navigation\" aria-hidden=\"true\">\n\t\t\t\t<ul id=\"menu-2-c96f756\" class=\"elementor-nav-menu sm-vertical\"><li class=\"menu-item menu-item-type-post_type menu-item-object-page menu-item-has-children menu-item-40\"><a href=\"https:\/\/joelingtonrios.com.br\/?page_id=30\" class=\"elementor-item\" tabindex=\"-1\">PORTF\u00d3LIO<\/a>\n<ul class=\"sub-menu elementor-nav-menu--dropdown\">\n\t<li class=\"menu-item menu-item-type-post_type menu-item-object-page menu-item-184\"><a href=\"https:\/\/joelingtonrios.com.br\/?page_id=70\" class=\"elementor-sub-item\" tabindex=\"-1\">Entre rios e mocambos<\/a><\/li>\n\t<li class=\"menu-item menu-item-type-post_type menu-item-object-page menu-item-183\"><a href=\"https:\/\/joelingtonrios.com.br\/?page_id=72\" class=\"elementor-sub-item\" tabindex=\"-1\">O que sustenta o rio<\/a><\/li>\n\t<li class=\"menu-item menu-item-type-post_type menu-item-object-page menu-item-265\"><a href=\"https:\/\/joelingtonrios.com.br\/?page_id=233\" class=\"elementor-sub-item\" tabindex=\"-1\">Um jardim para minhas av\u00f3s<\/a><\/li>\n<\/ul>\n<\/li>\n<li class=\"menu-item menu-item-type-post_type menu-item-object-page menu-item-has-children menu-item-409\"><a href=\"https:\/\/joelingtonrios.com.br\/?page_id=281\" class=\"elementor-item\" tabindex=\"-1\">TEXTOS E PUBLICA\u00c7\u00d5ES<\/a>\n<ul class=\"sub-menu elementor-nav-menu--dropdown\">\n\t<li class=\"menu-item menu-item-type-post_type menu-item-object-page menu-item-408\"><a href=\"https:\/\/joelingtonrios.com.br\/?page_id=353\" class=\"elementor-sub-item\" tabindex=\"-1\">Biografia<\/a><\/li>\n\t<li class=\"menu-item menu-item-type-post_type menu-item-object-page menu-item-411\"><a href=\"https:\/\/joelingtonrios.com.br\/?page_id=272\" class=\"elementor-sub-item\" tabindex=\"-1\">Publica\u00e7\u00f5es<\/a><\/li>\n\t<li class=\"menu-item menu-item-type-post_type menu-item-object-page menu-item-412\"><a href=\"https:\/\/joelingtonrios.com.br\/?page_id=270\" class=\"elementor-sub-item\" tabindex=\"-1\">Textos selecionados<\/a><\/li>\n<\/ul>\n<\/li>\n<li class=\"menu-item menu-item-type-post_type menu-item-object-page menu-item-410\"><a href=\"https:\/\/joelingtonrios.com.br\/?page_id=277\" class=\"elementor-item\" tabindex=\"-1\">MUSEUS E COLE\u00c7\u00d5ES<\/a><\/li>\n<li class=\"menu-item menu-item-type-post_type menu-item-object-page menu-item-549\"><a href=\"https:\/\/joelingtonrios.com.br\/?page_id=511\" class=\"elementor-item\" tabindex=\"-1\">CONTRIBUIDORES<\/a><\/li>\n<li class=\"menu-item menu-item-type-post_type menu-item-object-page menu-item-145\"><a href=\"https:\/\/joelingtonrios.com.br\/?page_id=140\" class=\"elementor-item\" tabindex=\"-1\">CLIPPING<\/a><\/li>\n<li class=\"menu-item menu-item-type-post_type menu-item-object-page menu-item-264\"><a href=\"https:\/\/joelingtonrios.com.br\/?page_id=191\" class=\"elementor-item\" tabindex=\"-1\">V\u00cdDEOS<\/a><\/li>\n<li class=\"menu-item menu-item-type-post_type menu-item-object-page menu-item-38\"><a href=\"https:\/\/joelingtonrios.com.br\/?page_id=36\" class=\"elementor-item\" tabindex=\"-1\">CONTATO<\/a><\/li>\n<\/ul>\t\t\t<\/nav>\n\t\t\t\t\t\t<\/div>\n\t\t\t\t<\/div>\n\t\t\t\t\t<\/div>\n\t\t<\/div>\n\t\t\t\t<div class=\"elementor-column elementor-col-66 elementor-top-column elementor-element elementor-element-fb5f70e\" data-id=\"fb5f70e\" data-element_type=\"column\" data-e-type=\"column\">\n\t\t\t<div class=\"elementor-widget-wrap elementor-element-populated\">\n\t\t\t\t\t\t<section class=\"elementor-section elementor-inner-section elementor-element elementor-element-6b5def2 elementor-section-boxed elementor-section-height-default elementor-section-height-default\" data-id=\"6b5def2\" data-element_type=\"section\" data-e-type=\"section\">\n\t\t\t\t\t\t<div class=\"elementor-container elementor-column-gap-default\">\n\t\t\t\t\t<div class=\"elementor-column elementor-col-100 elementor-inner-column elementor-element elementor-element-5ead4d4\" data-id=\"5ead4d4\" data-element_type=\"column\" data-e-type=\"column\">\n\t\t\t<div class=\"elementor-widget-wrap elementor-element-populated\">\n\t\t\t\t\t\t<div class=\"elementor-element elementor-element-987fbb7 elementor-widget elementor-widget-heading\" data-id=\"987fbb7\" data-element_type=\"widget\" data-e-type=\"widget\" data-widget_type=\"heading.default\">\n\t\t\t\t<div class=\"elementor-widget-container\">\n\t\t\t\t\t<h2 class=\"elementor-heading-title elementor-size-default\">PUBLICA\u00c7\u00d5ES<\/h2>\t\t\t\t<\/div>\n\t\t\t\t<\/div>\n\t\t\t\t\t<\/div>\n\t\t<\/div>\n\t\t\t\t\t<\/div>\n\t\t<\/section>\n\t\t\t\t<section class=\"elementor-section elementor-inner-section elementor-element elementor-element-e6942a5 elementor-section-full_width elementor-section-height-default elementor-section-height-default\" data-id=\"e6942a5\" data-element_type=\"section\" data-e-type=\"section\">\n\t\t\t\t\t\t<div class=\"elementor-container elementor-column-gap-default\">\n\t\t\t\t\t<div class=\"elementor-column elementor-col-50 elementor-inner-column elementor-element elementor-element-a7da850\" data-id=\"a7da850\" data-element_type=\"column\" data-e-type=\"column\">\n\t\t\t<div class=\"elementor-widget-wrap elementor-element-populated\">\n\t\t\t\t\t\t<div class=\"elementor-element elementor-element-3282981 elementor-widget elementor-widget-text-editor\" data-id=\"3282981\" data-element_type=\"widget\" data-e-type=\"widget\" data-widget_type=\"text-editor.default\">\n\t\t\t\t<div class=\"elementor-widget-container\">\n\t\t\t\t\t\t\t\t\t<p><strong><a href=\"https:\/\/www.taylorfrancis.com\/books\/edit\/10.4324\/9781003326809\/religion-contemporary-art-ronald-bernier-rachel-hostetter-smith\" target=\"_blank\" rel=\"noopener\">Religion and Contemporary Art<\/a><br \/><\/strong>ISBN: 9781003326809<strong><br \/><\/strong><span class=\"product-banner-author\">Edited By<\/span><span class=\"product-banner-author-name\">Ronald R. Bernier,\u00a0Rachel Hostetter Smith<br \/><\/span>2023<br \/>474 p\u00e1ginas<\/p>\t\t\t\t\t\t\t\t<\/div>\n\t\t\t\t<\/div>\n\t\t\t\t\t<\/div>\n\t\t<\/div>\n\t\t\t\t<div class=\"elementor-column elementor-col-50 elementor-inner-column elementor-element elementor-element-0fc06ee\" data-id=\"0fc06ee\" data-element_type=\"column\" data-e-type=\"column\">\n\t\t\t<div class=\"elementor-widget-wrap elementor-element-populated\">\n\t\t\t\t\t\t<div class=\"elementor-element elementor-element-1abf02c elementor-widget elementor-widget-image\" data-id=\"1abf02c\" data-element_type=\"widget\" data-e-type=\"widget\" data-widget_type=\"image.default\">\n\t\t\t\t<div class=\"elementor-widget-container\">\n\t\t\t\t\t\t\t\t\t\t\t\t\t\t\t\t<a href=\"https:\/\/www.taylorfrancis.com\/books\/edit\/10.4324\/9781003326809\/religion-contemporary-art-ronald-bernier-rachel-hostetter-smith\" target=\"_blank\">\n\t\t\t\t\t\t\t<img decoding=\"async\" width=\"180\" height=\"273\" src=\"https:\/\/joelingtonrios.com.br\/wp-content\/uploads\/2023\/05\/9781003326809.webp\" class=\"attachment-full size-full wp-image-556\" alt=\"\" \/>\t\t\t\t\t\t\t\t<\/a>\n\t\t\t\t\t\t\t\t\t\t\t\t\t\t\t<\/div>\n\t\t\t\t<\/div>\n\t\t\t\t\t<\/div>\n\t\t<\/div>\n\t\t\t\t\t<\/div>\n\t\t<\/section>\n\t\t\t\t<section class=\"elementor-section elementor-inner-section elementor-element elementor-element-47fbdb6 elementor-section-full_width elementor-section-height-default elementor-section-height-default\" data-id=\"47fbdb6\" data-element_type=\"section\" data-e-type=\"section\">\n\t\t\t\t\t\t<div class=\"elementor-container elementor-column-gap-default\">\n\t\t\t\t\t<div class=\"elementor-column elementor-col-50 elementor-inner-column elementor-element elementor-element-3865325\" data-id=\"3865325\" data-element_type=\"column\" data-e-type=\"column\">\n\t\t\t<div class=\"elementor-widget-wrap elementor-element-populated\">\n\t\t\t\t\t\t<div class=\"elementor-element elementor-element-f6d9561 elementor-widget elementor-widget-text-editor\" data-id=\"f6d9561\" data-element_type=\"widget\" data-e-type=\"widget\" data-widget_type=\"text-editor.default\">\n\t\t\t\t<div class=\"elementor-widget-container\">\n\t\t\t\t\t\t\t\t\t<p><strong><a href=\"https:\/\/conhecimento.fgv.br\/publicacao\/amazonia-xxi\" target=\"_blank\" rel=\"noopener\">Amaz\u00f4nia XXI<\/a><br \/><\/strong>2021<\/p>\t\t\t\t\t\t\t\t<\/div>\n\t\t\t\t<\/div>\n\t\t\t\t\t<\/div>\n\t\t<\/div>\n\t\t\t\t<div class=\"elementor-column elementor-col-50 elementor-inner-column elementor-element elementor-element-d560a9c\" data-id=\"d560a9c\" data-element_type=\"column\" data-e-type=\"column\">\n\t\t\t<div class=\"elementor-widget-wrap elementor-element-populated\">\n\t\t\t\t\t\t<div class=\"elementor-element elementor-element-cef51d9 elementor-widget elementor-widget-image\" data-id=\"cef51d9\" data-element_type=\"widget\" data-e-type=\"widget\" data-widget_type=\"image.default\">\n\t\t\t\t<div class=\"elementor-widget-container\">\n\t\t\t\t\t\t\t\t\t\t\t\t\t\t\t\t<a href=\"https:\/\/conhecimento.fgv.br\/publicacao\/amazonia-xxi\" target=\"_blank\">\n\t\t\t\t\t\t\t<img fetchpriority=\"high\" decoding=\"async\" width=\"300\" height=\"400\" src=\"https:\/\/joelingtonrios.com.br\/wp-content\/uploads\/2023\/05\/capa_amazonia_xxi_-1.png.jpg.webp\" class=\"attachment-full size-full wp-image-555\" alt=\"\" srcset=\"https:\/\/joelingtonrios.com.br\/wp-content\/uploads\/2023\/05\/capa_amazonia_xxi_-1.png.jpg.webp 300w, https:\/\/joelingtonrios.com.br\/wp-content\/uploads\/2023\/05\/capa_amazonia_xxi_-1.png.jpg-225x300.webp 225w\" sizes=\"(max-width: 300px) 100vw, 300px\" \/>\t\t\t\t\t\t\t\t<\/a>\n\t\t\t\t\t\t\t\t\t\t\t\t\t\t\t<\/div>\n\t\t\t\t<\/div>\n\t\t\t\t\t<\/div>\n\t\t<\/div>\n\t\t\t\t\t<\/div>\n\t\t<\/section>\n\t\t\t\t<section class=\"elementor-section elementor-inner-section elementor-element elementor-element-14aa2cd elementor-section-full_width elementor-section-height-default elementor-section-height-default\" data-id=\"14aa2cd\" data-element_type=\"section\" data-e-type=\"section\">\n\t\t\t\t\t\t<div class=\"elementor-container elementor-column-gap-default\">\n\t\t\t\t\t<div class=\"elementor-column elementor-col-50 elementor-inner-column elementor-element elementor-element-5d58d69\" data-id=\"5d58d69\" data-element_type=\"column\" data-e-type=\"column\">\n\t\t\t<div class=\"elementor-widget-wrap elementor-element-populated\">\n\t\t\t\t\t\t<div class=\"elementor-element elementor-element-1a38a28 elementor-widget elementor-widget-text-editor\" data-id=\"1a38a28\" data-element_type=\"widget\" data-e-type=\"widget\" data-widget_type=\"text-editor.default\">\n\t\t\t\t<div class=\"elementor-widget-container\">\n\t\t\t\t\t\t\t\t\t<p><strong><a href=\"https:\/\/editora.fgv.br\/produto\/rio-xxi-vertentes-contemporaneas-3692\" target=\"_blank\" rel=\"noopener\">Rio XXI: Vertentes Contempor\u00e2neas<\/a><br \/><\/strong>ISBN: 9788564878648<strong><br \/><\/strong>Org. Paulo Herkenhoff<strong><br \/><\/strong>2019<br \/>288 p\u00e1ginas<\/p>\t\t\t\t\t\t\t\t<\/div>\n\t\t\t\t<\/div>\n\t\t\t\t\t<\/div>\n\t\t<\/div>\n\t\t\t\t<div class=\"elementor-column elementor-col-50 elementor-inner-column elementor-element elementor-element-c0a8164\" data-id=\"c0a8164\" data-element_type=\"column\" data-e-type=\"column\">\n\t\t\t<div class=\"elementor-widget-wrap elementor-element-populated\">\n\t\t\t\t\t\t<div class=\"elementor-element elementor-element-b154375 elementor-widget elementor-widget-image\" data-id=\"b154375\" data-element_type=\"widget\" data-e-type=\"widget\" data-widget_type=\"image.default\">\n\t\t\t\t<div class=\"elementor-widget-container\">\n\t\t\t\t\t\t\t\t\t\t\t\t\t\t\t<img decoding=\"async\" width=\"300\" height=\"400\" src=\"https:\/\/joelingtonrios.com.br\/wp-content\/uploads\/2023\/03\/thumbnail-site_rioxxi_0.jpg.webp\" class=\"attachment-full size-full wp-image-379\" alt=\"\" srcset=\"https:\/\/joelingtonrios.com.br\/wp-content\/uploads\/2023\/03\/thumbnail-site_rioxxi_0.jpg.webp 300w, https:\/\/joelingtonrios.com.br\/wp-content\/uploads\/2023\/03\/thumbnail-site_rioxxi_0.jpg-225x300.webp 225w\" sizes=\"(max-width: 300px) 100vw, 300px\" \/>\t\t\t\t\t\t\t\t\t\t\t\t\t\t\t<\/div>\n\t\t\t\t<\/div>\n\t\t\t\t\t<\/div>\n\t\t<\/div>\n\t\t\t\t\t<\/div>\n\t\t<\/section>\n\t\t\t\t\t<\/div>\n\t\t<\/div>\n\t\t\t\t\t<\/div>\n\t\t<\/section>\n\t\t\t\t<\/div>\n\t\t","protected":false},"excerpt":{"rendered":"<p>PUBLICA\u00c7\u00d5ES Religion and Contemporary ArtISBN: 9781003326809Edited ByRonald R. Bernier,\u00a0Rachel Hostetter Smith2023474 p\u00e1ginas Amaz\u00f4nia XXI2021 Rio XXI: Vertentes Contempor\u00e2neasISBN: 9788564878648Org. Paulo Herkenhoff2019288 p\u00e1ginas<\/p>\n","protected":false},"author":2,"featured_media":0,"parent":0,"menu_order":0,"comment_status":"closed","ping_status":"closed","template":"page-templates\/template-pagebuilder-full-width.php","meta":{"neve_meta_sidebar":"","neve_meta_container":"","neve_meta_enable_content_width":"","neve_meta_content_width":0,"neve_meta_title_alignment":"","neve_meta_author_avatar":"","neve_post_elements_order":"","neve_meta_disable_header":"","neve_meta_disable_footer":"","neve_meta_disable_title":"","footnotes":""},"class_list":["post-272","page","type-page","status-publish","hentry"],"_links":{"self":[{"href":"https:\/\/joelingtonrios.com.br\/index.php?rest_route=\/wp\/v2\/pages\/272","targetHints":{"allow":["GET"]}}],"collection":[{"href":"https:\/\/joelingtonrios.com.br\/index.php?rest_route=\/wp\/v2\/pages"}],"about":[{"href":"https:\/\/joelingtonrios.com.br\/index.php?rest_route=\/wp\/v2\/types\/page"}],"author":[{"embeddable":true,"href":"https:\/\/joelingtonrios.com.br\/index.php?rest_route=\/wp\/v2\/users\/2"}],"replies":[{"embeddable":true,"href":"https:\/\/joelingtonrios.com.br\/index.php?rest_route=%2Fwp%2Fv2%2Fcomments&post=272"}],"version-history":[{"count":19,"href":"https:\/\/joelingtonrios.com.br\/index.php?rest_route=\/wp\/v2\/pages\/272\/revisions"}],"predecessor-version":[{"id":562,"href":"https:\/\/joelingtonrios.com.br\/index.php?rest_route=\/wp\/v2\/pages\/272\/revisions\/562"}],"wp:attachment":[{"href":"https:\/\/joelingtonrios.com.br\/index.php?rest_route=%2Fwp%2Fv2%2Fmedia&parent=272"}],"curies":[{"name":"wp","href":"https:\/\/api.w.org\/{rel}","templated":true}]}}